{"id":325,"date":"2018-11-13T16:02:53","date_gmt":"2018-11-13T16:02:53","guid":{"rendered":"http:\/\/saccec.com\/PatriciaAcosta\/?page_id=325"},"modified":"2018-11-13T16:02:53","modified_gmt":"2018-11-13T16:02:53","slug":"iate","status":"publish","type":"page","link":"http:\/\/saccec.com\/PatriciaAcosta\/iate\/","title":{"rendered":"IATE"},"content":{"rendered":"<div>\u00bfC\u00f3mo podemos saber cu\u00e1l es la traducci\u00f3n adecuada de un t\u00e9rmino? Podemos usar\u00a0<i>Interactive Terminology for Europe<\/i>, una base de datos terminol\u00f3gica compartida por las instituciones europeas\u00a0para uniformizar las traducciones entre los diferentes idiomas oficiales de la Uni\u00f3n Europea:<\/div>\n<div><\/div>\n<div><a href=\"http:\/\/iate.europa.eu\/SearchByQuery.do\" target=\"_blank\" rel=\"noopener\" data-saferedirecturl=\"https:\/\/www.google.com\/url?q=http:\/\/iate.europa.eu\/SearchByQuery.do&amp;source=gmail&amp;ust=1542211111011000&amp;usg=AFQjCNHDeWpPjJ1IbunFL3nCfaX8EG0P8g\">http:\/\/iate.europa.eu\/<wbr \/>SearchByQuery.do<\/a><\/div>\n","protected":false},"excerpt":{"rendered":"<p>\u00bfC\u00f3mo podemos saber cu\u00e1l es la traducci\u00f3n adecuada de un t\u00e9rmino? Podemos usar\u00a0Interactive Terminology for Europe, una base de datos terminol\u00f3gica compartida por las instituciones europeas\u00a0para uniformizar las traducciones entre los diferentes idiomas oficiales de la Uni\u00f3n Europea: http:\/\/iate.europa.eu\/SearchByQuery.do<\/p>\n","protected":false},"author":1,"featured_media":0,"parent":0,"menu_order":0,"comment_status":"closed","ping_status":"closed","template":"","meta":{"footnotes":""},"class_list":["post-325","page","type-page","status-publish","hentry"],"_links":{"self":[{"href":"http:\/\/saccec.com\/PatriciaAcosta\/wp-json\/wp\/v2\/pages\/325","targetHints":{"allow":["GET"]}}],"collection":[{"href":"http:\/\/saccec.com\/PatriciaAcosta\/wp-json\/wp\/v2\/pages"}],"about":[{"href":"http:\/\/saccec.com\/PatriciaAcosta\/wp-json\/wp\/v2\/types\/page"}],"author":[{"embeddable":true,"href":"http:\/\/saccec.com\/PatriciaAcosta\/wp-json\/wp\/v2\/users\/1"}],"replies":[{"embeddable":true,"href":"http:\/\/saccec.com\/PatriciaAcosta\/wp-json\/wp\/v2\/comments?post=325"}],"version-history":[{"count":1,"href":"http:\/\/saccec.com\/PatriciaAcosta\/wp-json\/wp\/v2\/pages\/325\/revisions"}],"predecessor-version":[{"id":326,"href":"http:\/\/saccec.com\/PatriciaAcosta\/wp-json\/wp\/v2\/pages\/325\/revisions\/326"}],"wp:attachment":[{"href":"http:\/\/saccec.com\/PatriciaAcosta\/wp-json\/wp\/v2\/media?parent=325"}],"curies":[{"name":"wp","href":"https:\/\/api.w.org\/{rel}","templated":true}]}}